{"id":4029,"date":"2023-03-07T10:55:14","date_gmt":"2023-03-07T10:55:14","guid":{"rendered":"http:\/\/e-mobilitygorenjska.si\/?page_id=4029"},"modified":"2023-03-07T10:55:14","modified_gmt":"2023-03-07T10:55:14","slug":"documents","status":"publish","type":"page","link":"https:\/\/e-mobilitygorenjska.si\/en\/documents\/","title":{"rendered":"Documents"},"content":{"rendered":"<div class=\"wpb-content-wrapper\"><p>[vc_row css=&#8221;.vc_custom_1516615254439{padding-top: 40px !important;padding-bottom: 40px !important;}&#8221;][vc_column][vc_column_text]<\/p>\n<div>\n<h2>CPS \u0160en\u010dur<\/h2>\n<\/div>\n<p>[\/vc_column_text][vc_row_inner][vc_column_inner width=&#8221;1\/4&#8243;][vc_single_image image=&#8221;3581&#8243; img_size=&#8221;full&#8221; style=&#8221;vc_box_border&#8221; border_color=&#8221;green&#8221; onclick=&#8221;custom_link&#8221; img_link_target=&#8221;_blank&#8221; link=&#8221;http:\/\/e-mobilitygorenjska.si\/wp-content\/uploads\/2018\/02\/CPS-2017.pdf&#8221;][\/vc_column_inner][vc_column_inner width=&#8221;3\/4&#8243;][vc_column_text]<\/p>\n<p style=\"text-align: justify;\">Cestno omre\u017eje v Ob\u010dini \u0160en\u010dur je varno. Ob\u010dina promovira uporabo vozil na elektri\u010dni pogon. Elektri\u010dne polnilnice so \u017ee na voljo. Na\u010drtuje se dodatna postavitev hitrih polnilnic na vseh javnih parkiri\u0161\u010dih. Gospodinjstva v stanovanjskih hi\u0161ah imajo velik potencial za polnjenje elektri\u010dnih avtomobilov. Vozni park javnih ustanov in gospodarskih subjektov bo zamenjan z vozili na elektri\u010dni pogon. Sofinanciran bo nakup elektri\u010dnih vozil za ob\u010dane. Cilj ob\u010dine je tudi do leta 2020 zagotoviti ponudbo izposoje najmanj 5 elektri\u010dnih koles in dve polnilni mesti za elektri\u010dna kolesa.<\/p>\n<p>[\/vc_column_text][vc_btn title=&#8221;Preberite ve\u010d&#8230;&#8221; style=&#8221;classic&#8221; shape=&#8221;square&#8221; color=&#8221;green&#8221; link=&#8221;url:http%3A%2F%2Fe-mobilitygorenjska.si%2Fwp-content%2Fuploads%2F2018%2F02%2FCPS-2017.pdf||target:%20_blank|&#8221;][\/vc_column_inner][\/vc_row_inner][\/vc_column][\/vc_row]<\/p>\n<\/div>","protected":false},"excerpt":{"rendered":"<p>[vc_row css=&#8221;.vc_custom_1516615254439{padding-top: 40px !important;padding-bottom: 40px !important;}&#8221;][vc_column][vc_column_text] CPS \u0160en\u010dur [\/vc_column_text][vc_row_inner][vc_column_inner width=&#8221;1\/4&#8243;][vc_single_image image=&#8221;3581&#8243; img_size=&#8221;full&#8221; style=&#8221;vc_box_border&#8221; border_color=&#8221;green&#8221; onclick=&#8221;custom_link&#8221; img_link_target=&#8221;_blank&#8221; link=&#8221;http:\/\/e-mobilitygorenjska.si\/wp-content\/uploads\/2018\/02\/CPS-2017.pdf&#8221;][\/vc_column_inner][vc_column_inner width=&#8221;3\/4&#8243;][vc_column_text] Cestno omre\u017eje v Ob\u010dini \u0160en\u010dur je varno. Ob\u010dina promovira uporabo vozil na elektri\u010dni pogon. Elektri\u010dne polnilnice so \u017ee na voljo. Na\u010drtuje se dodatna postavitev hitrih polnilnic na vseh javnih parkiri\u0161\u010dih. Gospodinjstva v stanovanjskih hi\u0161ah imajo velik potencial <a class=\"article-read-more\" href=\"https:\/\/e-mobilitygorenjska.si\/en\/documents\/\">&#8230;<\/a><\/p>\n","protected":false},"author":2,"featured_media":0,"parent":0,"menu_order":0,"comment_status":"closed","ping_status":"closed","template":"page-fullwidth.php","meta":[],"_links":{"self":[{"href":"https:\/\/e-mobilitygorenjska.si\/en\/wp-json\/wp\/v2\/pages\/4029"}],"collection":[{"href":"https:\/\/e-mobilitygorenjska.si\/en\/wp-json\/wp\/v2\/pages"}],"about":[{"href":"https:\/\/e-mobilitygorenjska.si\/en\/wp-json\/wp\/v2\/types\/page"}],"author":[{"embeddable":true,"href":"https:\/\/e-mobilitygorenjska.si\/en\/wp-json\/wp\/v2\/users\/2"}],"replies":[{"embeddable":true,"href":"https:\/\/e-mobilitygorenjska.si\/en\/wp-json\/wp\/v2\/comments?post=4029"}],"version-history":[{"count":0,"href":"https:\/\/e-mobilitygorenjska.si\/en\/wp-json\/wp\/v2\/pages\/4029\/revisions"}],"wp:attachment":[{"href":"https:\/\/e-mobilitygorenjska.si\/en\/wp-json\/wp\/v2\/media?parent=4029"}],"curies":[{"name":"wp","href":"https:\/\/api.w.org\/{rel}","templated":true}]}}

<div class="wpb-content-wrapper"><p>[vc_row css=&#8221;.vc_custom_1516615254439{padding-top: 40px !important;padding-bottom: 40px !important;}&#8221;][vc_column][vc_column_text]</p>
<div>
<h2>CPS Šenčur</h2>
</div>
<p>[/vc_column_text][vc_row_inner][vc_column_inner width=&#8221;1/4&#8243;][vc_single_image image=&#8221;3581&#8243; img_size=&#8221;full&#8221; style=&#8221;vc_box_border&#8221; border_color=&#8221;green&#8221; onclick=&#8221;custom_link&#8221; img_link_target=&#8221;_blank&#8221; link=&#8221;http://e-mobilitygorenjska.si/wp-content/uploads/2018/02/CPS-2017.pdf&#8221;][/vc_column_inner][vc_column_inner width=&#8221;3/4&#8243;][vc_column_text]</p>
<p style="text-align: justify;">Cestno omrežje v Občini Šenčur je varno. Občina promovira uporabo vozil na električni pogon. Električne polnilnice so že na voljo. Načrtuje se dodatna postavitev hitrih polnilnic na vseh javnih parkiriščih. Gospodinjstva v stanovanjskih hišah imajo velik potencial za polnjenje električnih avtomobilov. Vozni park javnih ustanov in gospodarskih subjektov bo zamenjan z vozili na električni pogon. Sofinanciran bo nakup električnih vozil za občane. Cilj občine je tudi do leta 2020 zagotoviti ponudbo izposoje najmanj 5 električnih koles in dve polnilni mesti za električna kolesa.</p>
<p>[/vc_column_text][vc_btn title=&#8221;Preberite več&#8230;&#8221; style=&#8221;classic&#8221; shape=&#8221;square&#8221; color=&#8221;green&#8221; link=&#8221;url:http%3A%2F%2Fe-mobilitygorenjska.si%2Fwp-content%2Fuploads%2F2018%2F02%2FCPS-2017.pdf||target:%20_blank|&#8221;][/vc_column_inner][/vc_row_inner][/vc_column][/vc_row]</p>
</div>

<p>[vc_row css=&#8221;.vc_custom_1516615254439{padding-top: 40px !important;padding-bottom: 40px !important;}&#8221;][vc_column][vc_column_text] CPS Šenčur [/vc_column_text][vc_row_inner][vc_column_inner width=&#8221;1/4&#8243;][vc_single_image image=&#8221;3581&#8243; img_size=&#8221;full&#8221; style=&#8221;vc_box_border&#8221; border_color=&#8221;green&#8221; onclick=&#8221;custom_link&#8221; img_link_target=&#8221;_blank&#8221; link=&#8221;http://e-mobilitygorenjska.si/wp-content/uploads/2018/02/CPS-2017.pdf&#8221;][/vc_column_inner][vc_column_inner width=&#8221;3/4&#8243;][vc_column_text] Cestno omrežje v Občini Šenčur je varno. Občina promovira uporabo vozil na električni pogon. Električne polnilnice so že na voljo. Načrtuje se dodatna postavitev hitrih polnilnic na vseh javnih parkiriščih. Gospodinjstva v stanovanjskih hišah imajo velik potencial <a class="article-read-more" href="https://e-mobilitygorenjska.si/en/documents/">&#8230;</a></p>
